220
Calculate the remainder when 3325 is divided by 20.
5
Calculate the remainder when 9446 is divided by 163.
155
What is the remainder when 1673 is divided by 677?
319
Calculate the remainder when 86126 is divided by 184.
14
What is the remainder when 22126 is divided by 351?
13
Calculate the remainder when 368279 is divided by 440.
439
Calculate the remainder when 66820 is divided by 135.
130
Calculate the remainder when 181 is divided by 21.
13
Calculate the remainder when 125582 is divided by 16.
14
What is the remainder when 8676 is divided by 1446?
0
What is the remainder when 5236 is divided by 2504?
228
Calculate the remainder when 19044 is divided by 574.
102
What is the remainder when 57544 is divided by 19167?
43
Calculate the remainder when 10098 is divided by 5.
3
Calculate the remainder when 9370 is divided by 93.
70
What is the remainder when 57043 is divided by 8142?
49
Calculate the remainder when 1317 is divided by 1042.
275
What is the remainder when 28934 is divided by 374?
136
What is the remainder when 11601 is divided by 1927?
39
Calculate the remainder when 10615 is divided by 10591.
24
Calculate the remainder when 68987 is divided by 188.
179
Calculate the remainder when 23032 is divided by 85.
82
Calculate the remainder when 8436 is divided by 45.
21
Calculate the remainder when 2842 is divided by 462.
70
Calculate the remainder when 16592 is divided by 86.
80
What is the remainder when 135560 is divided by 31?
28
What is the remainder when 75071 is divided by 325?
321
What is the remainder when 789 is divided by 75?
39
Calculate the remainder when 1255 is divided by 137.
22
Calculate the remainder when 12416 is divided by 81.
23
Calculate the remainder when 2805 is divided by 2793.
12
Calculate the remainder when 407510 is divided by 387.
386
What is the remainder when 5239 is divided by 511?
129
Calculate the remainder when 27261 is divided by 95.
91
What is the remainder when 86719 is divided by 2550?
19
What is the remainder when 809 is divided by 742?
67
Calculate the remainder when 5618343 is divided by 122.
121
Calculate the remainder when 948 is divided by 55.
13
What is the remainder when 1921 is divided by 113?
0
What is the remainder when 70919 is divided by 311?
11
What is the remainder when 287698 is divided by 20?
18
Calculate the remainder when 11386 is divided by 3461.
1003
What is the remainder when 179416 is divided by 17?
15
Calculate the remainder when 480625 is divided by 23.
17
Calculate the remainder when 3210008 is divided by 118889.
5
What is the remainder when 4725 is divided by 381?
153
Calculate the remainder when 5586 is divided by 2792.
2
What is the remainder when 111461 is divided by 715?
636
Calculate the remainder when 125247 is divided by 19.
18
Calculate the remainder when 17447 is divided by 2882.
155
Calculate the remainder when 4091 is divided by 2027.
37
What is the remainder when 17432 is divided by 469?
79
What is the remainder when 34440 is divided by 302?
12
What is the remainder when 156259 is divided by 1930?
1859
What is the remainder when 442526 is divided by 447?
443
What is the remainder when 24479 is divided by 256?
159
Calculate the remainder when 1460 is divided by 78.
56
What is the remainder when 645037 is divided by 15?
7
Calculate the remainder when 10584 is divided by 67.
65
What is the remainder when 4252 is divided by 2107?
38
Calculate the remainder when 4107 is divided by 396.
147
Calculate the remainder when 133105 is divided by 44317.
154
What is the remainder when 8556 is divided by 2687?
495
Calculate the remainder when 497580 is divided by 311.
291
What is the remainder when 241132 is divided by 283?
16
What is the remainder when 3332 is divided by 620?
232
Calculate the remainder when 5750674 is divided by 36.
34
Calculate the remainder when 24337 is divided by 8080.
97
Calculate the remainder when 15355 is divided by 5117.
4
What is the remainder when 113034 is divided by 1592?
2
What is the remainder when 2676 is divided by 2670?
6
Calculate the remainder when 81616 is divided by 518.
290
What is the remainder when 74179 is divided by 58?
55
What is the remainder when 2756816 is divided by 1378407?
2
Calculate the remainder when 36179 is divided by 4520.
19
What is the remainder when 1154 is divided by 545?
64
What is the remainder when 10932514 is divided by 14?
12
What is the remainder when 2215 is divided by 830?
555
Calculate the remainder when 1370 is divided by 1364.
6
Calculate the remainder when 20384 is divided by 5064.
128
What is the remainder when 7135 is divided by 2358?
61
Calculate the remainder when 5607180 is divided by 28.
12
What is the remainder when 131 is divided by 12?
11
What is the remainder when 16957 is divided by 15?
7
Calculate the remainder when 2605 is divided by 85.
55
Calculate the remainder when 13379 is divided by 6683.
13
Calculate the remainder when 103240 is divided by 114.
70
What is the remainder when 3255 is divided by 1074?
33
What is the remainder when 444029 is divided by 222009?
11
What is the remainder when 102844 is divided by 25685?
104
What is the remainder when 3298 is divided by 76?
30
What is the remainder when 6224 is divided by 2021?
161
Calculate the remainder when 30692 is divided by 3827.
76
What is the remainder when 10233 is divided by 599?
50
What is the remainder when 11222 is divided by 58?
28
Calculate the remainder when 3690 is divided by 1345.
1000
What is the remainder when 237769 is divided by 62?
61
Calculate the remainder when 2329 is divided by 631.
436
What is the remainder when 17615 is divided by 35?
10
What is the remainder when 4456 is divided by 22?
12
What is the remainder when 286353 is divided by 21?
18
Calculate the remainder when 3509 is divided by 386.
35
Calculate the remainder when 4443 is divided by 321.
270
Calculate the remainder when 552848 is divided by 31.
25
Calculate the remainder when 1161 is divided by 319.
204
What is the remainder when 120094 is divided by 541?
533
Calculate the remainder when 3263 is divided by 234.
221
Calculate the remainder when 5106 is divided by 1988.
1130
Calculate the remainder when 233284 is divided by 968.
964
Calculate the remainder when 208358 is divided by 154.
150
Calculate the remainder when 43584 is divided by 329.
156
Calculate the remainder when 853 is divided by 652.
201
Calculate the remainder when 2939 is divided by 293.
9
What is the remainder when 509006 is divided by 190?
186
What is the remainder when 735871 is divided by 64?
63
Calculate the remainder when 516215 is divided by 628.
627
What is the remainder when 9654 is divided by 3074?
432
What is the remainder when 64487 is divided by 157?
117
Calculate the remainder when 16213 is divided by 908.
777
What is the remainder when 6666 is divided by 50?
16
What is the remainder when 48236 is divided by 148?
136
Calculate the remainder when 39320 is divided by 468.
8
What is the remainder when 4627 is divided by 610?
357
Calculate the remainder when 79865 is divided by 41.
38
What is the remainder when 265357 is divided by 310?
307
Calculate the remainder when 606 is divided by 118.
16
Calculate the remainder when 125 is divided by 59.
7
What is the remainder when 164176 is divided by 949?
948
What is the remainder when 22904 is divided by 332?
328
Calculate the remainder when 9585 is divided by 45.
0
Calculate the remainder when 185325 is divided by 11.
8
What is the remainder when 4647868 is divided by 45?
43
Calculate the remainder when 10885 is divided by 5435.
15
What is the remainder when 6073 is divided by 2464?
1145
What is the remainder when 260227 is divided by 8?
3
What is the remainder when 51099 is divided by 14?
13
Calculate the remainder when 289405 is divided by 57879.
10
Calculate the remainder when 2499 is divided by 360.
339
What is the remainder when 1374 is divided by 479?
416
What is the remainder when 246722 is divided by 54?
50
Calculate the remainder when 638397 is divided by 1120.
1117
Calculate the remainder when 410557 is divided by 881.
11
What is the remainder when 6306 is divided by 755?
266
Calculate the remainder when 106918 is divided by 554.
550
What is the remainder when 4060 is divided by 88?
12
Calculate the remainder when